der when 259 is divided by 167?
92
Calculate the remainder when 407422 is divided by 215.
212
Calculate the remainder when 3316834 is divided by 12.
10
Calculate the remainder when 1552 is divided by 28.
12
Calculate the remainder when 95999 is divided by 240.
239
What is the remainder when 1698 is divided by 49?
32
Calculate the remainder when 528569 is divided by 105.
104
Calculate the remainder when 3781 is divided by 728.
141
What is the remainder when 1645 is divided by 122?
59
What is the remainder when 113041 is divided by 1638?
19
What is the remainder when 1411 is divided by 1360?
51
What is the remainder when 698721 is divided by 14?
9
What is the remainder when 8074 is divided by 35?
24
Calculate the remainder when 12196 is divided by 75.
46
Calculate the remainder when 1520 is divided by 1423.
97
Calculate the remainder when 4193 is divided by 299.
7
Calculate the remainder when 3090 is divided by 34.
30
What is the remainder when 302 is divided by 74?
6
Calculate the remainder when 2423374 is divided by 16.
14
What is the remainder when 188224 is divided by 136?
0
Calculate the remainder when 4083 is divided by 92.
35
Calculate the remainder when 517646 is divided by 714.
710
What is the remainder when 233 is divided by 48?
41
Calculate the remainder when 4388 is divided by 161.
41
What is the remainder when 1404 is divided by 51?
27
Calculate the remainder when 3823 is divided by 174.
169
Calculate the remainder when 5285 is divided by 1596.
497
What is the remainder when 11681 is divided by 732?
701
What is the remainder when 3237 is divided by 30?
27
Calculate the remainder when 8578 is divided by 2140.
18
Calculate the remainder when 42031 is divided by 2530.
1551
Calculate the remainder when 12209 is divided by 939.
2
Calculate the remainder when 4041 is divided by 186.
135
Calculate the remainder when 8643 is divided by 243.
138
Calculate the remainder when 120076 is divided by 38.
34
What is the remainder when 9996 is divided by 464?
252
What is the remainder when 35049 is divided by 34?
29
Calculate the remainder when 73523 is divided by 3062.
35
What is the remainder when 9369 is divided by 468?
9
What is the remainder when 409198 is divided by 20?
18
Calculate the remainder when 4572 is divided by 4572.
0
Calculate the remainder when 918 is divided by 224.
22
What is the remainder when 991 is divided by 248?
247
What is the remainder when 8466 is divided by 706?
700
Calculate the remainder when 33785 is divided by 337.
85
What is the remainder when 5976 is divided by 476?
264
What is the remainder when 110014 is divided by 178?
10
Calculate the remainder when 2407 is divided by 14.
13
Calculate the remainder when 8226 is divided by 3955.
316
What is the remainder when 38462 is divided by 19130?
202
Calculate the remainder when 111837 is divided by 18.
3
What is the remainder when 11074 is divided by 427?
399
Calculate the remainder when 27693 is divided by 9224.
21
What is the remainder when 1318 is divided by 884?
434
What is the remainder when 24888 is divided by 676?
552
Calculate the remainder when 2901065 is divided by 21.
20
Calculate the remainder when 24999 is divided by 610.
599
Calculate the remainder when 48609 is divided by 1215.
9
What is the remainder when 7619 is divided by 36?
23
What is the remainder when 9541 is divided by 503?
487
Calculate the remainder when 4974 is divided by 901.
469
Calculate the remainder when 1739 is divided by 257.
197
What is the remainder when 29370 is divided by 12?
6
What is the remainder when 58321 is divided by 29143?
35
Calculate the remainder when 1496 is divided by 83.
2
What is the remainder when 4858 is divided by 64?
58
What is the remainder when 9572 is divided by 239?
12
What is the remainder when 971262 is divided by 121?
116
What is the remainder when 508694 is divided by 15?
14
What is the remainder when 7694 is divided by 1085?
99
Calculate the remainder when 831994 is divided by 198.
196
Calculate the remainder when 22290 is divided by 10811.
668
What is the remainder when 254235 is divided by 159?
153
What is the remainder when 4977 is divided by 2487?
3
What is the remainder when 111632 is divided by 4465?
7
Calculate the remainder when 10145 is divided by 4999.
147
Calculate the remainder when 574 is divided by 430.
144
What is the remainder when 4442 is divided by 1480?
2
Calculate the remainder when 4012 is divided by 4009.
3
Calculate the remainder when 1127 is divided by 72.
47
What is the remainder when 55835 is divided by 38?
13
What is the remainder when 437579 is divided by 4655?
9
Calculate the remainder when 16655 is divided by 5540.
35
What is the remainder when 26944 is divided by 1032?
112
What is the remainder when 3192 is divided by 214?
196
What is the remainder when 182 is divided by 161?
21
What is the remainder when 245516 is divided by 341?
337
Calculate the remainder when 88198 is divided by 200.
198
What is the remainder when 108179 is divided by 281?
275
Calculate the remainder when 71789 is divided by 34.
15
What is the remainder when 391 is divided by 200?
191
Calculate the remainder when 22685 is divided by 15.
5
What is the remainder when 2235 is divided by 650?
285
Calculate the remainder when 1892 is divided by 1515.
377
Calculate the remainder when 4352 is divided by 97.
84
What is the remainder when 4111 is divided by 295?
276
What is the remainder when 6697 is divided by 1962?
811
Calculate the remainder when 5997 is divided by 2993.
11
Calculate the remainder when 31625 is divided by 545.
15
What is the remainder when 10879 is divided by 27?
25
Calculate the remainder when 105671 is divided by 74.
73
Calculate the remainder when 1267 is divided by 505.
257
Calculate the remainder when 32824 is divided by 8186.
80
Calculate the remainder when 47480 is divided by 20.
0
What is the remainder when 5320 is divided by 379?
14
What is the remainder when 105635 is divided by 34?
31
Calculate the remainder when 106144 is divided by 1105.
64
Calculate the remainder when 3422 is divided by 130.
42
What is the remainder when 106161 is divided by 2793?
27
Calculate the remainder when 114564 is divided by 98.
2
What is the remainder when 427089 is divided by 142363?
0
Calculate the remainder when 189043 is divided by 11.
8
Calculate the remainder when 15348 is divided by 5079.
111
Calculate the remainder when 1648 is divided by 1279.
369
Calculate the remainder when 16186 is divided by 4039.
30
Calculate the remainder when 529109 is divided by 30.
29
What is the remainder when 70654 is divided by 55?
34
What is the remainder when 3211 is divided by 166?
57
Calculate the remainder when 2372 is divided by 81.
23
What is the remainder when 195 is divided by 88?
19
What is the remainder when 1098 is divided by 44?
42
What is the remainder when 5737 is divided by 5695?
42
Calculate the remainder when 59957 is divided by 41.
15
Calculate the remainder when 21532 is divided by 1133.
5
Calculate the remainder when 309744 is divided by 2581.
24
What is the remainder when 195 is divided by 166?
29
Calculate the remainder when 10808 is divided by 10803.
5
Calculate the remainder when 2465 is divided by 803.
56
Calculate the remainder when 29781 is divided by 29.
27
Calculate the remainder when 15271 is divided by 184.
183
What is the remainder when 1995 is divided by 57?
0
What is the remainder when 182650 is divided by 93?
91
Calculate the remainder when 6796 is divided by 1342.
86
What is the remainder when 7102 is divided by 55?
7
What is the remainder when 25333 is divided by 28?
21
Calculate the remainder when 156969 is divided by 39241.
5
Calculate the remainder when 2398 is divided by 434.
228
What is the remainder when 151056 is divided by 75520?
16
Calculate the remainder when 32590 is divided by 653.
593
Calculate the remainder when 2228348 is divided by 25.
23
Calculate the remainder when 10487 is divided by 871.
35
Calculate the remainder when 890882 is divided by 2382.
14
What is the remainder when 20613 is divided by 108?
93
Calculate the remainder when 20882 is divided by 3477.
20
Calculate the remainder when 29396 is divided by 7.
3
Calculate the remainder when 6093 is divided by 561.
483
What is the remainder when 122284 is div